?
True
Is -4 + (49 - -2) - 4 a composite number?
False
Suppose -4*m - 2 = 2. Let c be 15/(2 + m/2). Is (-6)/c + 940/25 a prime number?
True
Let a be 1/(-2 + 1)*-84. Suppose -2*v = -g - 123, 0 = -5*v - 2*g + a + 201. Is v a composite number?
False
Let r = -2 - -2. Suppose -u + 57 - 10 = r. Is u prime?
True
Suppose a + 4*a = 3670. Let c = a + -403. Is c composite?
False
Let q(o) = -o**2 + 6*o - 3. Let g be q(3). Suppose -k - 5 = -g*k, 4*j - 13 = -k. Is 79 - (-6)/(-9)*j composite?
True
Let n(q) = q**2 - 2. Let m be n(2). Suppose -j = m - 0. Is (j - 72)*2/(-4) a composite number?
False
Let r be 3/(-2) - (-15)/10. Suppose i - 98 = -4*q, r = 3*q + i - 66 - 7. Is q prime?
False
Suppose 0 = -3*m - 2*y + 3262, 3*y + 583 = m - 486. Suppose -4*l + m = 5*p - 7*l, -l + 642 = 3*p. Is p a composite number?
True
Let o(i) = -i - 54. Let x(f) = -f - 55. Let j(v) = 3*o(v) - 4*x(v). Is j(0) a composite number?
True
Let i = 5 - 2. Suppose n - 4*s + 102 = 347, 4*n - 1037 = -i*s. Is n a composite number?
False
Suppose 5849 = 5*t - 2266. Suppose -j + 4*j = t. Is j composite?
False
Let k = 35 - -24. Is k a composite number?
False
Let h be 3*2*16/(-3). Suppose -12 = -5*i + 8. Is (i - h) + 1 + 0 a composite number?
False
Suppose 13 = 2*s + 3*c, -c - 15 - 9 = -5*s. Suppose 724 - 119 = s*f. Suppose 183 = 5*k - v, 0 = 3*k + 4*v + v - f. Is k a composite number?
False
Let d be 1 + (44 - 0/(-1)). Let a = 4 - 28. Let o = a + d. Is o a composite number?
True
Let k(h) be the second derivative of 13*h**3/6 + 13*h**2/2 + h. Let v be k(-12). Is (v/2)/(5/(-10)) a prime number?
False
Let x be 3*(2 - 3) - -6. Suppose -n = x*f - 117 + 31, n - 94 = 5*f. Is n a prime number?
True
Let j(p) = p**3 + 12*p**2 + 6*p + 23. Is j(-10) a composite number?
False
Let j(a) = a**3 + 9*a**2 - 11*a + 6. Let d = -23 - -15. Is j(d) prime?
False
Let a be 0/((-2)/(-2 - -1)). Suppose -2*j + 8 = -a*j. Suppose 2*s + l + l - 46 = 0, 0 = 3*s - j*l - 55. Is s a composite number?
True
Suppose -15*v + 14*v = -1739. Is v a composite number?
True
Is (14 + (4 - 8))*1 prime?
False
Let f = -2 + 5. Let t(n) = n**f + n + 34 - 3 - 2*n. Is t(0) a prime number?
True
Is (1 - (-404)/(-16))*-12 composite?
True
Let r = -4 - -6. Suppose 0 = 3*h, -h + 0*h = r*w - 164. Suppose 3*k = w + 191. Is k a prime number?
False
Let m be (12/(-4))/((-6)/4). Suppose 5*j - 85 = 605. Suppose -199 = -3*g + r, j = m*g + r - 3*r. Is g prime?
False
Let g(b) = 95*b + 41. Is g(10) prime?
True
Let g(n) be the second derivative of -5*n**3/6 - 5*n. Is g(-2) a composite number?
True
Let r(n) = -24*n**3 + 4*n**2 + n + 4. Is r(-3) a prime number?
False
Let i(a) = -a**3 - a**2 + 5*a - 3. Let p be i(-3). Let o = p - -10. Is o a prime number?
False
Suppose -342 = -4*o - 18. Suppose -2*n + 247 = o. Is n a prime number?
True
Let y = 10 + -10. Suppose y = 5*v + 4*c - 541, -2*v + 4*c = v - 331. Is v composite?
False
Suppose -2*p + 41 + 33 = 0. Is p composite?
False
Suppose 0 = 7*g - 2*g - 10. Let k(z) = -z**3 - 6*z**2 - 5*z. Let c be k(-5). Suppose c = -g*x + 21 + 21. Is x prime?
False
Suppose -t + 27 = 8. Is t prime?
True
Let v(m) = 8*m + 5. Suppose 0 = 2*j + 3*s + 4, -s = 3*j + s + 1. Let o be -6*(-3 - j - -3). Is v(o) a composite number?
False
Let u(r) = -6*r**3 + 3*r**2 - 1. Let d be -3 + 0 - (1 + 0). Is u(d) a prime number?
True
Suppose 0 = -7*t + 2*t + 9910. Is t a composite number?
True
Suppose -6*o + 3295 = -o. Is o a prime number?
True
Let j = -1710 + 3277. Is j prime?
True
Let v be ((-54)/4 - -1)*-2. Suppose 4*j = -4*s + 200, 23 = s - j - v. Is s a composite number?
True
Let x be (0 - (-2)/(-1)) + 8. Let i = 9 + x. Is i prime?
False
Let v(x) = -50*x - 7. Is v(-10) prime?
False
Let u be -3 + 0 + (-9)/(-3). Suppose u = -3*g + 681 - 48. Is g a composite number?
False
Suppose 0 = 4*i - 3*i. Let l(j) = -j**3 + j**2 + j + 38. Is l(i) prime?
False
Let l(u) = -2*u**2 - 5*u. Let x(i) be the first derivative of -5*i**3/3 - 9*i**2/2 - i - 2. Let t(d) = 7*l(d) - 4*x(d). Is t(-3) composite?
True
Let h be (9/(-6))/(3/4). Is 3/h*(0 + -14) prime?
False
Is 1087 + (3 - 9 - -6) a prime number?
True
Let a be (-6)/(-9)*3 - -10. Is (-1066)/(-8) - 3/a a prime number?
False
Let h(a) = a + 19. Let n(v) = v + 19. Let d(j) = 5*h(j) - 4*n(j). Is d(-8) a prime number?
True
Let l(w) = -69*w + 6. Is l(-19) a composite number?
True
Let i(g) = 13*g**2 - g + 7. Is i(3) a composite number?
True
Suppose -4*a = -3*z + 797, -6*z + 1339 = -z - 4*a. Is z a prime number?
True
Let f(p) = -p**3 + 8*p**2 + 5*p - 9. Suppose h = -s - 2*h, 20 = 2*s - 4*h. Is f(s) prime?
False
Let t(h) = -2*h + 1. Let w be t(-1). Let s(p) = w - 7*p + 4 - 4 - 1. Is s(-11) prime?
True
Suppose 0 = -v - 4*t + 11, v - 3 = t - 7. Suppose k - 57 = 5*o, k = 2*k + 3. Is 1/(o/(-11) + v) a prime number?
True
Suppose 4*t - 2*l - 280 = -0*t, -328 = -5*t - 3*l. Let d = t - 47. Is d prime?
False
Suppose 2*h = 4*h + 2*q + 94, -5*h - 205 = -5*q. Let x be (h - (3 - 3)) + 2. Let c = x + 121. Is c a prime number?
True
Is (-2520 + (-1 - 1))*(-15)/30 composite?
True
Let b(x) = 4*x + 10. Let j(w) = -3*w - 9. Let g(r) = 2*b(r) + 3*j(r). Is g(-11) a composite number?
True
Let m(z) = z**2 + 8*z - 3. Let k be m(-8). Let h be -3*1 + (-18)/k. Suppose 5*r - 2*g = 58, 2*r - h*g + 8*g = 0. Is r prime?
False
Let q = -465 - -911. Suppose -o = o - q. Is o a prime number?
True
Is (3 - 5) + 5808/3 a composite number?
True
Suppose 3*i - 5*x = -46 - 29, -5*x = 0. Let j = 1 + -5. Let b = j - i. Is b a prime number?
False
Let g(x) = 3*x**2 + 4*x - 62. Is g(-33) composite?
True
Is (-4392)/(-14) - (-6)/21 composite?
True
Let d be -74 + (0 + -1)/1. Let z = -28 - d. Is z a composite number?
False
Let w(d) = d**2 + 2. Let i be w(-4). Suppose 0*a - i = -a. Suppose 2*u + 1 - 14 = -n, -2*u = -4*n - a. Is u composite?
False
Suppose 0*m + m - 1987 = 0. Is m a prime number?
True
Let d be 10/15*18/4. Suppose 0 = r - d*r + 166. Is r a composite number?
False
Let b(t) = t - t - t - 4 + 5*t. Let y be b(4). Is 4/y*(-873)/(-3) prime?
True
Let y(x) = -7*x + 3. Let r(c) = -8*c + 4. Let m(f) = 5*r(f) - 6*y(f). Let v be m(-3). Is (5/v)/((-3)/36) a prime number?
False
Let v = -23 - -27. Is (79/3)/(v/12) composite?
False
Let l(v) = -v - 11. Let s be l(-11). Suppose 3*x = -s*x + 339. Is x a prime number?
True
Let b = -84 + 171. Is b a prime number?
False
Let u = 7 + 5. Suppose 3*p = 6 + u. Is p composite?
True
Is (-5)/(15/(-1002)) + 3 composite?
False
Suppose -q - 1 = 3. Let w be (-1)/q - 9/4. Is 0 + 69 - (-4)/w prime?
True
Is (-2)/(-14) + 181998/63 - 2 composite?
False
Suppose -2*g = 2*c - 144, 0*g - c = -2*g + 159. Let a = g + -55. Is a a composite number?
True
Suppose -3*i = 4*d - 5*i - 1018, 0 = 5*i + 5. Is d a composite number?
True
Let q(i) = -i**2 + 6*i + 2. Let y be q(6). Let u be y*1 - (-7 - -5). Suppose 2*s - 120 = 4*f - 14, -s - u*f = -47. Is s prime?
False
Suppose 62 = q - 141. Is q composite?
True
Let o(u) = -1 - 2*u - 2*u**2 + 0*u**2 + 3*u**2. Suppose -4*z = -7*z, -z = -4*p - 28. Is o(p) composite?
True
Suppose 4448 = 4*p - 3*f, -13 = -2*f - 5. Is p a composite number?
True
Suppose 11 = 3*c + 5*o, -5*c + 19 = -4*o - 24. Is c composite?
False
Let w = -1784 - -3295. Is w a prime number?
True
Let j = -444 - -925. Is j composite?
True
Suppose 1636 = 11*v - 7*v. Is v a prime number?
True
Let k = -60 + 86. Let t = 65 - k. Is t composite?
True
Suppose -3*o + 1796 = -307. Is o a prime number?
True
Let w = 2 - 0. Let f = 691 + -366. Suppose -3*h = w*h - f. Is h composite?
True
Suppose 3*a + 2*z + 96 = 0, -6*a + 3*a + 3*z - 96 = 0. Let f = a + 63. Is f prime?
True
Let g = -88 + 125. Is g a composite number?
False
Let u(m) = 65*m**2 + 3*m + 2. Let p be u(-3). Let k = p + -341. Let q = -88 + k. Is q prime?
True
Let x(a) = 13*a**3 - 2*a**2 - 4*a + 3. Let v(u) = -u + 7. Let p be v(4). Let w be x(p). Suppose -3*j + w = -j + 2*z, 4*j - 4*z - 640 = 0. Is j a prime number?
False
Let n = -115 - -198. Is n a composite number?
False
Let o(v) be the second derivative of v**4/12 - 2*v**3/3 + v**2/2 - 2*v. Is o(7) prime?
False
Let a(g) = 41*g - 1. Let c be a(2). Let s = -121 + 77. Let h = c + s. Is h composite?
False
Let y(s) = 6 + 6*s**3 - 1 - 7*s**2 - 35*s + 38*s - 2*s**3. Is y(4) a composite number?
True
Suppose 0 = 5*j + 4*g - 1805, -2*j - g + 717 = -8. Is j composite?
True
Let g(